lse
Suppose 0*o + o + 4 = 0. Let u(n) = -n. Let d be u(o). Suppose 19 + 117 = d*x. Is 17 a factor of x?
True
Is (12 + 1)*-1*(-2 + 1) a multiple of 12?
False
Suppose -i + 125 = -81. Is 43 a factor of i?
False
Does 9 divide 299/2 - -1 - (-2)/(-4)?
False
Is 9 a factor of -44*((-39)/42 + (-3)/(-7))?
False
Let n = 0 - -31. Is 12 a factor of n?
False
Let n(v) = -v**3 + 4*v**2 + 6*v + 1. Let g(s) = 5*s**2. Let t be g(-1). Does 6 divide n(t)?
True
Let c = 6 - 9. Is c*(-5)/((-5)/(-6)) a multiple of 16?
False
Suppose -46 = -0*l - 2*l. Is 19 a factor of l?
False
Let q = 3 - -2. Let i(v) = 5 - 5*v**3 + q*v**3 + v**3 - 8*v**2. Does 5 divide i(8)?
True
Let d be (13/3 + -3)*-3. Let c(k) = -3*k - 6. Is c(d) a multiple of 3?
True
Let m = 3 + -3. Suppose -k - 2*k + 147 = m. Does 14 divide k?
False
Is 21 a factor of (-344)/2*(-3 - -2)?
False
Let b = 0 - 29. Let w = b + 48. Does 9 divide w?
False
Suppose 0 = -h - q, -8 = h + 4*q + 7. Suppose h*g = g + 88. Is g a multiple of 14?
False
Let b = 39 + -28. Let h = -7 + b. Is 13 a factor of 4/16 - (-75)/h?
False
Let a = -13 - -7. Is (-110)/a + (-6)/(-9) a multiple of 5?
False
Suppose -z = -r - 3*r + 12, -5*r = 3*z - 15. Let w be 0 - z/(-3) - -48. Suppose 4*k - w = -12. Is 9 a factor of k?
True
Is (-319)/(-2) + 2 - 9/6 a multiple of 40?
True
Suppose 0 = u + 12*d - 14*d - 301, -3*u - 4*d = -893. Is u a multiple of 16?
False
Let l(g) = -11*g. Let w(b) = 2 - 3 + 2 - 32*b. Let i(c) = -11*l(c) + 4*w(c). Is i(-3) a multiple of 10?
False
Let l = 1 + 2. Suppose -l*d + 330 = 2*d. Does 17 divide d?
False
Suppose 2*y + 1 = 9. Suppose -y*k = -2*k - 80. Does 20 divide k?
True
Let f(u) be the third derivative of 5/24*u**4 - 2*u**2 + 0 - 1/15*u**5 + 1/120*u**6 + 1/6*u**3 + 0*u. Is 10 a factor of f(4)?
False
Let r be ((-30)/(-12))/(2/4). Suppose r*o = 15, 4*f - o = 2*f + 37. Is 10 a factor of f?
True
Suppose 0*w + 2*w = 56. Suppose -2*v + w = x + x, 0 = v + 5*x - 18. Does 4 divide v?
False
Does 20 divide 6/(-21) + -4*71/(-14)?
True
Let c be ((-6)/4)/((-1)/2). Suppose u - 5*l - 17 + 5 = 0, -c*l - 17 = -2*u. Is u a multiple of 2?
False
Suppose 4*d = -9 + 253. Is 12 a factor of d?
False
Let j = -322 - -472. Suppose -2*x = -5*x + j. Is x a multiple of 18?
False
Let y(i) = 3*i**2 - 7*i + 2. Does 22 divide y(4)?
True
Let d be -3*(-2)/6 - 1. Suppose p - 180 = -d*p. Suppose -l = -6*l - 4*r + p, l - 5*r = 7. Is 22 a factor of l?
False
Suppose -2*f = -0*f. Suppose f*v + 3*v - 47 = 4*m, 4*m + 21 = v. Let n = 4 + v. Is 12 a factor of n?
False
Suppose 4*h = 164 - 0. Does 25 divide h?
False
Let t = 2 + -2. Suppose t = i + 3*i - 5*p - 36, -4*p + 27 = 3*i. Let s = i + -1. Is 4 a factor of s?
True
Let z = -22 + 12. Let w = 46 + z. Is w a multiple of 18?
True
Suppose -l = -3*r + 146, r - 5*r = -5*l - 708. Let m be -1 + (-1)/(2/l). Let h = m + -37. Is 11 a factor of h?
False
Let a = -3 + 6. Suppose -3*j - j = a*o - 25, -5*j + 17 = -o. Is 3 a factor of j?
False
Suppose 0*n = -n + 15. Is 11 a factor of n?
False
Let s(d) = -d**3 - 12*d**2 - 12*d - 6. Let o be s(-11). Does 8 divide (-40)/12*(-12)/o?
True
Suppose -2*f - 3 - 3 = 0. Is (-1 - -3) + (17 - f) a multiple of 11?
True
Let h = -6 + 8. Suppose -y - y - h*k = -6, -3*y + 7 = 5*k. Does 2 divide y?
True
Let q(t) = -2*t + t + t + 2*t. Is q(6) a multiple of 3?
True
Let o = -70 - -36. Let d = -9 - o. Let q = 35 - d. Is q a multiple of 10?
True
Suppose 0 = -4*b + 4*v - 20, 2*b + 2*v = -b - 25. Let t = -3 - b. Suppose -t*m + 2*q + 13 = -83, 0 = m + 3*q - 38. Does 11 divide m?
False
Suppose -9 = -3*h + 4*j, 5*j - 37 = -2*h - 8. Is 7 a factor of h?
True
Let n be -4 + 3 + 6 + 2. Let m(a) = a**2 + 5*a - 2. Let f be m(-6). Suppose -3*r = -x + n - 66, -66 = -f*r - 5*x. Is r a multiple of 19?
True
Suppose 2*j - 3*i - 24 - 18 = 0, 5*j - 3*i = 96. Is 10 a factor of j?
False
Suppose -8*g + 5*g = -69. Is g a multiple of 8?
False
Suppose -19 = 2*d - 5*u, 0 = -3*d - d - 4*u + 4. Does 25 divide (6/d - -100) + 1?
False
Let x = 9 - 6. Suppose x*j - 103 = 29. Is 22 a factor of j?
True
Suppose 5*n + 3*d + 83 - 283 = 0, 160 = 4*n - 5*d. Is 7 a factor of n?
False
Suppose -2*d - 957 = -4*n + d, 4*n - 959 = d. Is 23 a factor of n?
False
Let r(t) = -3*t - 8. Is r(-11) a multiple of 5?
True
Suppose 0 = 57*f - 56*f - 90. Is 10 a factor of f?
True
Let a = -49 + 99. Let x = -25 + a. Is 5 a factor of x?
True
Let x(c) = -c**2 + 7*c + 3. Let b(i) = 3*i**2 - 15*i - 7. Let p(w) = 2*b(w) + 5*x(w). Let t = 0 + 4. Does 22 divide p(t)?
False
Is (-12)/(-102) + (-10910)/(-34) a multiple of 56?
False
Let s be 0*1/1 - -10. Let n = s - 21. Let y = n + 18. Is 7 a factor of y?
True
Suppose 5*o - 3*o - 113 = -3*v, -2*o + 88 = -2*v. Let r be (-2)/(-3) - (-74)/(-3). Let q = r + o. Is 13 a factor of q?
False
Let q be -3 + 1 + (9 - 4). Suppose -t + 32 = q*b, 2*b - 5*t = -b + 20. Let n = 6 + b. Does 9 divide n?
False
Let h(u) = -6*u**3 - u**2 + 1. Let r be h(-1). Suppose -j + r = 4*j - 2*w, -4*j + 12 = -4*w. Let f = 10 - j. Is f a multiple of 5?
True
Let x = 20 + 30. Is 25 a factor of x?
True
Suppose 2*h - 3*h = -45. Let v(q) = -q + 11. Let k be v(7). Suppose h = b + k*b. Is 8 a factor of b?
False
Let v = 8 + -16. Let s = 13 + v. Suppose 19 = s*b - 76. Is b a multiple of 7?
False
Suppose 7*r = 11*r - 128. Is r a multiple of 16?
True
Let m(l) = -8*l - 6. Does 9 divide m(-3)?
True
Suppose 0 = r + 5*w + 3, -2*r + 2 = 2*w. Suppose r*f = 4*f - 78. Let l = -27 + f. Is 8 a factor of l?
False
Suppose 0*k - 2*k = -4*f + 142, k + 68 = f. Is (k - -2)*(5 - 6) a multiple of 28?
False
Let t be (-3)/(-3) - 2/(-2). Is 7 a factor of (-22)/(3/3 - t)?
False
Suppose -5*s - 3*m + 115 = 0, 0 = -4*s + 5*m + 49 + 6. Is s a multiple of 10?
True
Let v(x) = -2*x - 1. Let w(i) = -i**3 - 7*i**2 - 7. Let u be w(-7). Is v(u) a multiple of 6?
False
Suppose -2*r - 4*l + 49 = 9, -3*r = -l - 53. Does 14 divide r?
False
Let u(f) = -f**3 - 8*f**2 - 9*f - 3. Does 11 divide u(-7)?
True
Let v be (-585)/(-6)*(-8)/(-6). Suppose 3*o = -o + 12. Suppose -2*p + v = o*p. Does 13 divide p?
True
Let s(p) be the second derivative of p**4/6 - 3*p**2/2 - 2*p. Let v(o) = -o**3 - 5*o**2 + 8*o + 8. Let k be v(-6). Is s(k) a multiple of 14?
False
Let c(r) = -r**2 + 6*r - 6. Let x be c(5). Let s = -1 - x. Suppose -4*y = 4*a - 128, -4*y + s*a + 138 = -a. Does 17 divide y?
True
Let f = -7 + 83. Let k = f + -47. Let z = 1 + k. Is 15 a factor of z?
True
Let g(i) be the third derivative of -i**5/12 - i**4/8 + i**3 + 2*i**2. Let y(t) = 9*t**2 + 6*t - 11. Let l(n) = -11*g(n) - 6*y(n). Does 8 divide l(6)?
False
Let s(r) = -r - 1. Let z be s(-3). Suppose -i + 5*i - 64 = 2*n, n - 28 = -z*i. Does 4 divide ((-5)/i)/((-2)/66)?
False
Let j = 2 + 0. Suppose -2*s = 0, -s = 3*q + j*s. Suppose -5*d = -q*d + c - 113, 4*d - 3*c - 79 = 0. Is 11 a factor of d?
True
Let g(a) = -a**3 - 6*a**2 - 3*a + 13. Is 3 a factor of g(-6)?
False
Let s = -39 + 73. Is 7 a factor of s?
False
Let r(p) = 66*p**2 - 13*p - 12. Is 6 a factor of r(-1)?
False
Let y be 10/(-20) + 50/4. Is -5 + 1 + 2 + y a multiple of 10?
True
Suppose 5*j + 2*y - 848 = 0, y = -3*j + 76 + 432. Is j a multiple of 21?
True
Let m(f) = -8*f**3 - 5 + 2*f**3 - 10*f**2 + 8*f + 5*f**3. Is m(-11) a multiple of 14?
True
Suppose -489 - 1 = -s. Suppose -4*z + 9*z = 4*v + s, -3*z + 292 = -2*v. Let x = z - 63. Is 8 a factor of x?
False
Let c = -75 - -135. Is c a multiple of 20?
True
Let q(t) = -2*t**2 + 16*t - 4. Let o(l) = -l - 1. Let j(y) = 5*o(y) + q(y). Let i be j(7). Is 2 a factor of i/(-7) + (-4)/14?
True
Let m(j) = -1130*j**2. Let d be m(1). Is d/(-18) + 2/9 a multiple of 22?
False
Let g(t) = 20*t - 10. Is 18 a factor of g(5)?
True
Let z(s) = 3*s**2 - 5*s + 3. Let d be z(3). Suppose 2*m = d + 1. Is m a multiple of 5?
False
Let t = 6 + 2. Does 3 divide -1 + t - 3/1?
False
Let s(f) = 2*f**2 - 3*f - 12. Is 14 a factor of s(6)?
True
Let n be 2/5 - (-669)/15. Suppose 3*g - n = -2*g. Let s(k) = -k**2 + 10*k + 13. Is s(g) a multiple of 15?
False
Suppose -z + 4 - 15 = 3*d, 0 = 2*z + 3*d + 7. Is (5/z)/(13/364) a multiple of 7?
True
Suppose -2*g + 119 = -b, 3*b - 130 = -4*g + 83. Is g a multiple of 21?
False
Let g be ((-24)/3 + 2)*1. Let a = g + 10. Does 3 divide a?
False
Let x(u) = -u**3 - u**2 - u - 2. Let a be x(-2). Let d = a - -25. Suppose 22 = 3*w - d. Is 10 a factor of w?
False
Let x 